= 4*c - 38. Is l composite?
True
Suppose -h + 2673 = 718. Suppose -5*g + 830 = -h. Is g composite?
False
Suppose 4 = 5*w + 2*q, -7*q - 4 = 4*w - 3*q. Is (-47927)/(-55) - w/5 prime?
False
Suppose 4*s + 20 = 4*b, 3*s - 7*s = -2*b + 22. Let l(f) = 19 + f - f**3 + 14 - 30 - 2*f**2. Is l(s) a composite number?
True
Suppose -87*n + 93*n = 5874. Is n a prime number?
False
Is (-11070)/(-8) - 285/(-228) a composite number?
True
Let n be -3 + (-1 - -1) - -14*1. Let h = n + 63. Is h a composite number?
True
Let i = -8 - -149. Is i a composite number?
True
Let z be (15/(-12))/(2/(-8)). Suppose -z*m = -17 - 8, o - 1269 = -2*m. Is o a prime number?
True
Let p(n) = 310*n**2 - 25*n + 62. Is p(7) prime?
True
Let g = -317 + 997. Suppose -l - a = -5*l + g, 0 = -5*l - 2*a + 837. Suppose 5*k - 106 = 5*x + l, -57 = -k + 2*x. Is k a composite number?
False
Suppose 6075 + 10869 = 6*b. Suppose -p - 2*p = -5*g + 7054, b = 2*g - 2*p. Is g prime?
True
Let q(w) = 58*w**3 - w**2 + 23*w - 9. Is q(4) a composite number?
False
Suppose -15 = -5*p - 5*x, -3*p - 4*x + 9 = -5*x. Suppose 0 = -2*n + p*n. Suppose n = -14*b + 11*b + 1461. Is b a prime number?
True
Let x(b) = -b + 26. Let q be x(21). Suppose -a + 264 = p - 1093, -2*a = q*p - 2714. Is a prime?
False
Let n = -53 - -57. Suppose l + 3*w = 4*l - 3372, -20 = n*w. Is l a prime number?
False
Suppose 2*j - 3 - 3 = 0. Suppose -a + j = -5. Let q = 215 + a. Is q prime?
True
Let x(k) = k**3 + 10*k**2 - 14*k + 18. Let l be x(-11). Suppose 0 = -4*j + 316 + 272. Suppose -6*b + l + j = 0. Is b a composite number?
True
Suppose -7 = -2*t + j + 6, -4*t + 23 = j. Let u(z) = 108*z - 144*z + 108*z - 17. Is u(t) a composite number?
True
Let j(z) = z. Let g be j(4). Suppose 0*w + 3*v = -w + 17, -11 = w - g*v. Suppose t = 2*k + 13 + 156, -w*t + 3*k + 873 = 0. Is t composite?
True
Suppose 633*s - 639*s + 24666 = 0. Is s prime?
True
Suppose 983 = 3*l + 5. Let q = l - -1059. Is q a composite number?
True
Suppose -12*m = -5*m - 49021. Is m a prime number?
False
Let u(c) = -17*c + 434. Is u(19) a composite number?
True
Let y = -46 + 50. Suppose -y*w + 1044 = -2*t, 3*w + 3*t - 801 = -0*t. Is w a prime number?
True
Suppose 2*q - 5 = 7. Suppose -3*w = -4*a + 16, -a - 20 = -q*a. Suppose -3*t = 12, w = -6*r + 2*r - 2*t + 2828. Is r a prime number?
True
Let u be -5 + -848 - (1 - 2). Let w = 1597 + u. Is w prime?
False
Suppose 225442 = 8*w - 321366. Is w a prime number?
True
Suppose -g + o = 4*o + 30, 0 = -5*g - 3*o - 90. Is (-10)/g - (-12575)/15 a composite number?
False
Suppose 0 = 4*f + 4*z - 14128, -2*z + 0*z = -10. Is f a composite number?
False
Let w = -268 - -413. Is w a composite number?
True
Suppose 3*j - 41 = 2*p, 6*p = p - 5. Let q(r) = r**3 - 13*r**2 + 30*r - 13. Is q(j) prime?
False
Let r(q) = -q**3 + 4*q**2 - 10*q - 7. Let u be r(5). Let b = -38 - u. Let z = -9 + b. Is z prime?
False
Suppose -4*f - 11626 - 6772 = -2*d, 4*f = 5*d - 45995. Is d prime?
True
Let w = 29 + -24. Let k(x) = 4*x**2 - 1 + 4*x - 3*x + 6 + x**3. Is k(w) a composite number?
True
Let f(x) = x**2 - 2*x + 20. Let j be f(10). Let l = -35 + j. Is l prime?
False
Let u = -126 + 128. Is (2/(-8))/(u*1/(-19288)) a composite number?
False
Suppose -5*n + 8 = -7, -4*k = -2*n - 14. Let y = 194 + k. Is y a prime number?
True
Suppose 5*n = -0*n + 15. Suppose -6 = -2*z, 3*o - 13 - 5 = -2*z. Suppose o*a - n*a - 67 = 0. Is a a composite number?
False
Let z = 6667 + -678. Is z a composite number?
True
Let f = 5498 + 22005. Is f composite?
True
Let j(z) = -11*z**2 + 6*z - 5. Let h(d) = 7*d**2 - 4*d + 3. Let c(o) = 8*h(o) + 5*j(o). Let v be c(4). Suppose -6*u - 37 = -v*u. Is u a composite number?
False
Let o = 118 - 32. Let j = o + -53. Is (-6)/j + (-6300)/(-44) prime?
False
Let a(g) = -g**3 + 8*g**2 - 5*g - 2. Let w be a(7). Is (-7086)/w*(-2 - (-2 + 2)) a composite number?
False
Suppose 0 = 3*k + 35*d - 39*d - 12877, -2*d - 4293 = -k. Is k a prime number?
False
Let j(z) = -2*z + 12. Let t be j(5). Suppose -h - t*h = 5*g - 2906, g = 1. Is h a prime number?
True
Let t = 20 + -15. Suppose 0 = -3*s - t*r - 16, 4*r = s + r - 4. Is s*1*2055/(-6) a composite number?
True
Let t(a) = -1 + 5 + 88*a + 242*a + 79*a. Let g be t(2). Suppose -m = m - g. Is m prime?
False
Let c(u) = 228*u**3 - 34*u**2 + 8*u - 11. Is c(5) a prime number?
False
Suppose 9*j = 4*j. Suppose -3*d + 3*t + 1343 + 556 = 0, -2*t - 4 = j. Is d a prime number?
True
Let f(g) = -25 - 9*g**2 - 1 - 5*g**2 + 17*g**2. Is f(-13) prime?
False
Let m = -12 + 14. Suppose r = -r + 4, -5*q - 4*r = -33. Suppose d - 577 = -q*a, m*d = -0*a - a + 119. Is a prime?
False
Suppose -18 = w - 3*w. Suppose -4*o + w*o = 4045. Is o composite?
False
Let g = -74 + 80. Let i = 485 + g. Is i a composite number?
False
Let z = 27 - 58. Let l = -20 - z. Is l prime?
True
Suppose 7*j = -0*j - 126. Let h = j - -145. Is h a prime number?
True
Let w = 4241 - 334. Is w composite?
False
Suppose 4*l - 4*j = 70468, -159*j - 52851 = -3*l - 158*j. Is l a composite number?
True
Let c(j) = -j**3 - 8*j**2 - 10. Let r be ((-7)/(-4))/(3/60). Let n be 1/(-4) - r/4. Is c(n) a prime number?
True
Let d(h) = -h + 19. Let r be d(15). Suppose -5*i = -r*g - 17, 3*i - 12 = 3. Suppose 4*l - 5*z = g*l + 512, -2*l + 506 = -2*z. Is l a composite number?
False
Let d(v) = -4*v**2 + 7*v - 7. Let x be d(6). Suppose 70 = 2*m + 2*q, 4*q + 32 = 2*m - 8. Let o = m - x. Is o a composite number?
False
Let i = 4525 + 6021. Is i composite?
True
Let c = -31 + 13. Let v be 30/(-9)*c/15. Is 2 - v - (-142)/2 a composite number?
True
Suppose -t + 2*u = 6*u - 2043, t = -u + 2040. Is t composite?
False
Let o = 7 + -4. Suppose 0*y = o*y - 15. Let x(h) = 3*h**3 - 7*h**2 + 4*h - 3. Is x(y) composite?
True
Let m be 8/(-10)*45/18. Let g be ((-622)/m*2)/2. Suppose 5*b - 3747 = v, -3*v - 1193 = -2*b + g. Is b a prime number?
False
Suppose -h + 8*p - 3*p + 3 = 0, -h + p = -7. Let v be 254/((-4)/h*2). Let c = 721 + v. Is c prime?
True
Let t(a) = 100*a + 57. Is t(10) composite?
True
Let v(u) = 14*u**2 + 6*u + 3. Let c(x) = 27*x**2 + 11*x + 6. Let p(h) = 4*c(h) - 7*v(h). Is p(-7) composite?
False
Let k = -32 - -11. Let u = k + 24. Suppose u*l + 424 = 2*y - y, 5*y + 4*l - 2025 = 0. Is y a prime number?
True
Suppose 2*o + 3*o - 9070 = 0. Suppose o = -h - h. Let i = -648 - h. Is i a prime number?
False
Suppose 0*b - 5*b + 40 = 0. Let l = -3 + b. Suppose 4*z = -2*g + 1322, 3*z - 332 - 666 = l*g. Is z a prime number?
True
Let u(y) = -29*y - 1 - 1 + 2 + 2. Is u(-16) prime?
False
Suppose -3*a - 758 = -2*c, -2*a - 511 = -5*c + 1384. Is c composite?
False
Suppose -5*y + 11378 = -4*v - 8323, 4*y + 2*v - 15740 = 0. Is y composite?
True
Let p = -35 - -30. Is (-1)/(p/(-10)) + 5*79 a prime number?
False
Let c(w) = 2352*w**2 - 2*w + 3. Is c(1) a composite number?
True
Suppose 5*h = h - 12, 5*l + 371 = 3*h. Let z be l/6*(-27)/1. Let c = z - 131. Is c prime?
True
Let r(l) = l**3 + 5*l**2 + 5*l + 6. Let t be r(-4). Suppose -4*h + 390 = 5*g + h, 5*g = t*h + 383. Is g a prime number?
False
Suppose -28303 = -5*l - 728. Is l prime?
False
Is 8780/8 - (3 - 6)/(-6) a prime number?
True
Let s(t) = -8*t - 14. Let m(q) = -7*q - 13. Let l(b) = 3*m(b) - 2*s(b). Let f be l(7). Let z = 225 + f. Is z a composite number?
False
Suppose 2115 + 3337 = 2*m. Suppose -x = 2*h - m, 5*h - 9*h + 2*x + 5436 = 0. Is h a composite number?
False
Suppose -20 = 2*s + 4*m, 3*m - m = -10. Suppose s = 2*z - 1010 - 332. Is z a prime number?
False
Suppose 3*r = -3, -d - 3*r + 838 = -636. Is d a composite number?
True
Is (4/6)/(4/57198) composite?
False
Let m = 710259 - 422326. Is m a prime number?
True
Let c(q) = -q + 60. Let t be c(0). Suppose 2*b + t = 606. Suppose -3*r = 4*r - b. Is r composite?
True
Is ((-1460)/60)/(1/(-267)) a composite number?
True
Suppose 27*i - 26273 = 14*i. Is i a composite number?
True
Let n(y) = 3*y**2 + 5*y - 5. Let v be n(-10). Suppose -v = 2*i - 713. Let d = -140 + i. Is d a prime number?
False
Let p be ((-6)/4)/((-39)/52). Let i be (4*9/p)/(-2). Is 291/i*1*-21 a prime number?
False
Let y be (-2 + 1)*(-2 + 0). Suppose 2*s - x + 20 = -3*s, -y*s - 2*x = 8. Is (-610)/(-15)*(-30)/s a prime number?
False
Suppose 0 = -5*j - 3*l, 2*j - 2*l = 3*l. Suppose 5*i + 436 - 3551 = j. Is i a prime number?
False
Let a be -10*(-2)/(-4) - -4. Let c(s) = -259*s -